-6) + 2)*-2?
3
Suppose -w + 3*p - 2 = w, -w - 3 = -2*p. Suppose -d + 1 = 0, -t + d + 20 = w*d. What is the units digit of t?
6
Let y(r) = 4*r**2 + 6*r + 32. What is the units digit of y(-5)?
2
Let m = 0 + 0. What is the units digit of ((-4)/(-10) - m)*5?
2
Suppose 4*w - 8*w = -4. What is the units digit of -2 + w + 3 + 13?
5
Suppose -5*t + 313 = -2*k, 2*t + k = -3*k + 106. What is the units digit of t?
1
Let s(x) = 5*x + 8. Let o be s(6). Let r(u) = u - 1. Let h be r(7). What is the units digit of ((-3)/h)/((-1)/o)?
9
Suppose -2*p - i + 13 = 0, -p + 31 = 4*i + 7. Suppose -p*y + 30 = y. What is the units digit of y?
6
Suppose h - 2 = 3*h + 3*q, -3*q - 16 = -5*h. Suppose -8 = c + 3*c, 2*c + 32 = h*k. Let u = -7 + k. What is the units digit of u?
7
Suppose t = -3, 4*u - 17 = -t - 0*t. What is the units digit of u?
5
Suppose 2*v + 2*u - 29 = -u, -31 = -3*v - 2*u. What is the units digit of v?
7
Let d = 1 - 3. What is the units digit of (-27 - 0 - d)*-1?
5
Let a(p) = 5*p - 2. Let g(c) = -c**2 + 3*c + 2. Let v be g(3). Suppose -9 = -2*r - v*r + j, 0 = 2*r + 3*j - 1. What is the units digit of a(r)?
8
Let c(k) = 9*k - 4*k + 4*k + 1. What is the units digit of c(2)?
9
Let b(p) be the first derivative of p**2 + 2*p - 3. Let c be b(2). What is the units digit of 104/c + 16/24?
8
Suppose 2*y - 4*y + 142 = 0. Let q = y - 25. What is the units digit of q?
6
Suppose -4*c - 4 = 0, -2*c - c = -3*x - 24. What is the units digit of (11/(-3))/(3/x)?
1
What is the tens digit of (-4 - 370/(-15))/((-2)/(-3))?
3
Let z(m) = -m**2 - m + 7. Let v(j) = -j**2 - 5*j - 5. Let b be v(-4). Let f = b + 1. What is the units digit of z(f)?
7
Let t(s) = 10 - s**2 - 5*s + 3*s - 4. Let z be t(-5). Let k = -4 - z. What is the units digit of k?
5
Suppose 0 = -t - 4*h + h, -4*t + 2*h + 42 = 0. Suppose t*r + 17 = 10*r. What is the units digit of r?
7
Suppose 3*r - v = 6, 3*r = 2*v + 3*v + 6. Suppose 5*u + 3*p - 2*p - 154 = 0, 4*u - 126 = r*p. What is the tens digit of u?
3
Let b(k) be the third derivative of k**4/12 + 5*k**3/6 + 2*k**2. Let o = 16 + -10. What is the tens digit of b(o)?
1
What is the tens digit of (0 + -10)*(0 - (-81)/(-2))?
0
Let j = -121 - -177. What is the units digit of j?
6
Let y = 72 + -35. What is the units digit of y?
7
Suppose -2*a + 2 = -2. Suppose -5*i + 15 = -x - 17, -a = i + 4*x. What is the units digit of i?
6
Suppose -48 = 4*i - 6*i. Let f = -11 + i. What is the units digit of f?
3
Let j(w) = -2*w. Let k be j(-1). Let c be (-48)/(-4) - (-2)/1. Suppose -k*x - x - c = q, -x = 5*q. What is the units digit of q?
1
Let l(p) be the second derivative of -p**5/60 + p**3/3 + p**2/2 + p. Let a(f) be the first derivative of l(f). What is the units digit of a(0)?
2
Let d = -3 - -8. Let s(l) = l**3 - 6*l**2 + 8*l - 6. What is the units digit of s(d)?
9
Let y(l) = 2*l + 1. Let z = -2 + 9. What is the units digit of y(z)?
5
What is the units digit of 2 - ((-5)/((-20)/(-104)))/1?
8
Let x(c) = -59*c - 3. Let y be x(-2). Suppose -4*t + y = -29. What is the units digit of t?
6
Suppose -91 = -5*y + 689. What is the hundreds digit of y?
1
Suppose -h + l = -3*h + 176, -352 = -4*h - l. What is the tens digit of h?
8
What is the units digit of 0 + (7 - 3 - 3)?
1
Let o(l) = -l**3 + 2*l**3 - 4*l**2 - 5 + l - 3*l. What is the units digit of o(5)?
0
Let p = 135 + -85. What is the tens digit of p?
5
Suppose -5*q = -3*q - 24. Suppose -3*b + b + q = 0. Suppose 2*u - 3*x - 8 = 0, 5*u + 13 = b*u + 3*x. What is the units digit of u?
7
Let a(q) be the third derivative of q**5/60 + q**4/24 + q**3/6 + 2*q**2. Let g(p) = -2*p**2 - 2. Let c(l) = -3*a(l) - 2*g(l). What is the units digit of c(3)?
1
Let z(u) = 3*u**2 - 34*u - 16. Let w(y) = 2*y**2 - 23*y - 11. Let x(d) = 7*w(d) - 5*z(d). What is the units digit of x(9)?
3
Let u = 6 + -3. Suppose -z + 28 = u*z. Let d = 10 - z. What is the units digit of d?
3
What is the tens digit of 2884/63 - 2/(-9)?
4
What is the tens digit of (6 - 4 - -6)*8?
6
Let b = 344 - 230. What is the hundreds digit of b?
1
What is the tens digit of (-627)/(-9) + (-6)/9 + 1?
7
Suppose 10 = -5*z + o, 3*z + o = 4*z + 6. Let m be (-1 - 2)*(z - 0). Suppose -l + 6 + m = 0. What is the units digit of l?
9
Let g = -15 + 46. Suppose -b + g = 6. What is the tens digit of b?
2
Let n be 1/6 - 37/6. Let l = 7 - n. What is the tens digit of l?
1
Suppose t + 5 = -1. Let x be 6/9 + 172/t. Let d = -8 - x. What is the tens digit of d?
2
Let t(v) = 27*v + 4. What is the units digit of t(1)?
1
Let n(v) be the first derivative of -v**5/120 + v**4/12 - 4*v**3/3 + 2. Let y(c) be the third derivative of n(c). What is the units digit of y(-4)?
6
Suppose -6*l + 9*l = 0. Suppose 3*f + f - 92 = l. What is the units digit of f?
3
Suppose -2*h = 3*h - 250. Suppose -5*w + 4*x - 2*x + h = 0, 4*x - 8 = w. What is the tens digit of w?
1
Let b be 6/5*(-120)/(-16). Let h = 12 - b. What is the units digit of h?
3
Let h(n) = -3*n + 2*n + 8 - 5*n - 2*n. What is the units digit of h(-4)?
0
Let y(m) = -3*m + 6. Let z be y(-6). Suppose -4*u + s = 4*s + z, -4*s - 7 = -3*u. What is the units digit of u*(-2)/9*12?
8
Suppose -36 - 49 = -b - 5*n, 0 = -n. What is the units digit of b?
5
Let c = 0 - 0. Let s = -12 + 16. Suppose n = -c + s. What is the units digit of n?
4
Suppose -10*o + 321 + 289 = 0. What is the units digit of o?
1
Suppose 0*l - 5*l + q = -18, -q = 4*l - 9. Suppose 2*t + 29 = l*t. What is the tens digit of t?
2
Let m = -18 - -26. Let x be ((-28)/16)/((-2)/m). Let c = 15 - x. What is the units digit of c?
8
Let b be 4*(4746/(-8))/(-3). Let q be (-1)/4 - b/(-28). Suppose -j - q = -5*j. What is the units digit of j?
7
Let u(b) = 8*b**3 - b**2 - 7*b - 29. Let q(k) = 3*k**3 - 2*k - 10. Let x(z) = -11*q(z) + 4*u(z). Let m be x(-4). Let v = m - 10. What is the units digit of v?
8
Let i(f) = 5*f - 6. Let y be i(4). What is the tens digit of (-4)/y + (-158)/(-14)?
1
Let b = -3 + -1. Let k be 8*((-2 - -3) + 0). Let z = b + k. What is the units digit of z?
4
Let z(c) = -c**2 + 7. Let n be z(0). Let r be (11/12*3)/(3/12). Let a = r - n. What is the units digit of a?
4
Let a = 3 + -1. Let l(g) = 13*g. What is the tens digit of l(a)?
2
Let x = 19 + -28. Let s = 25 + x. What is the tens digit of s?
1
Let v be 0 - -2 - (-1 - -12). Let x(z) = -z**2 - 10*z - 5. What is the units digit of x(v)?
4
Let d be (-1)/1*-1 - -3. Suppose t - d = 22. What is the units digit of t?
6
What is the tens digit of 3*176/36*3?
4
Let c = 140 - -59. What is the units digit of c?
9
Suppose -5*p + 4*z = -59, z + 3*z + 4 = 0. Suppose 2*g = -0*g - 8. Let m = g + p. What is the units digit of m?
7
Let z(q) be the third derivative of -q**5/60 - 5*q**4/12 + 13*q**3/6 - q**2. What is the units digit of z(-11)?
2
Let i be (-195)/25 - (-8)/10. Let v(u) be the first derivative of -u**4/4 - 8*u**3/3 - 9*u**2/2 - 8*u + 2. What is the units digit of v(i)?
6
Let g be 1 - (-2 + (3 - 4)). Suppose 6*n - 7*n = -5. Suppose -n*q + 60 = g*u, -2*q + 0*u - 4 = -4*u. What is the units digit of q?
8
Let d be (-12)/16 + 2/(-8). Let i be 0 + d + 5 + -2. Suppose -5*w + g + 10 = 0, -w + 5*g + i = g. What is the units digit of w?
2
Let v(f) = -f - 1. Let s be v(-1). Suppose i = s, 0 = 5*k - 4*i + 6*i - 40. What is the units digit of k?
8
Suppose 23 = w - 4. What is the tens digit of w?
2
Suppose 0 = -0*g - g + 24. What is the tens digit of g?
2
Let p(w) = -1 - 2 + 2 + 18*w. What is the tens digit of p(1)?
1
Let c be (-1)/(-2)*(-4 - 10). Let l(n) = n**3 + 14*n**2 + 1 - n + 0*n**3 - 7*n**2. What is the units digit of l(c)?
8
Suppose -n + 10 + 92 = 0. What is the units digit of n?
2
Suppose -5*f = 4*l - 103, 3*f - 125 = -5*l - 2*f. What is the tens digit of l?
2
Suppose 0 = -2*d - 0*d. Let x = d - -2. What is the units digit of x?
2
Let a(c) = c**2 - 2*c. Let g be a(2). What is the units digit of 10*((1 - 0) + g)?
0
Let k = -510 + 826. What is the hundreds digit of k?
3
Let l be (2 - (0 - 1))*1. Suppose l*j + 3 - 40 = -4*t, 52 = 5*t - 2*j. What is the units digit of t?
0
Suppose -2*w = -5*i - 46, 33 = -5*i + 4*w - 19. What is the units digit of ((-6)/(-5))/(i/(-60))?
9
Let q = 5 - 2. Suppose 18 - 4 = 4*v + 2*c, q*v + 3*c - 18 = 0. What is the units digit of v?
1
Let c = 210 - 98. Suppose 56 = n - 4*y, 5*n = 3*y - c + 324. What is the units digit of n?
0
Suppose 0 = 